e the highest common divisor of 15 and y.
15
Suppose 0 = -5*v + 15, 5*v - 832 = -3*w + 578. Calculate the highest common divisor of 186 and w.
93
Let x = 39 - 31. Let i(a) = -9*a**3 + a**2 + a + 1. Let r be i(2). Let q be 2 + -3 - (r + 0). What is the greatest common divisor of x and q?
8
Let o(i) = -i**2 + 19*i + 18. Suppose 0 = -f + 4*g + 13 + 14, 3*f - 55 = -g. Let m be o(f). Calculate the greatest common divisor of 18 and m.
18
Suppose -51*i + 19144 - 1702 = 0. What is the greatest common factor of i and 18?
18
Suppose -18*g + 130 = -860. What is the highest common factor of 649 and g?
11
Let x(v) = -5*v + 253. Let s be x(38). What is the highest common divisor of s and 231?
21
Suppose c + 0*c = 59. Let i = c + -19. Calculate the highest common factor of 5 and i.
5
Suppose 10 - 6 = 2*b, -3*p + 82 = 5*b. Calculate the greatest common factor of 186 and p.
6
Suppose 2*v = -2*a + 6, 3*a = 6*a + 4*v - 8. What is the greatest common factor of a and 5?
1
Let o(k) = 5*k**2 - 4*k + 4. Let g be o(1). Let x be 0 + (-90)/4*-2. Calculate the greatest common factor of g and x.
5
Let s = -433 + 445. What is the highest common factor of s and 4?
4
Let q be (-5 - 10) + 2*1. Let t = 34 + q. What is the highest common factor of t and 42?
21
Let h(o) = 4*o - 7. Let s be h(3). Suppose s*d = -144 + 794. Calculate the highest common factor of 52 and d.
26
Let h be (-82 - 0)/(5/(-15)). Let a be (30/45)/(4/h). Let c = a + -18. What is the greatest common divisor of 161 and c?
23
Let t = 42 + -2. Let y be 49/3 - (-8)/12. Let f = y - 9. What is the highest common factor of t and f?
8
Suppose 68*t + 1108 = 4032. What is the greatest common factor of 129 and t?
43
Let n be (-4)/(-1) + (-3)/3. Suppose 0 = 3*k - 3, g - 33 = -k - n. Let s(z) = 13*z + 21. Let v be s(14). Calculate the highest common divisor of g and v.
29
Suppose -12 = -65*t + 61*t - 2*r, -t - 3*r - 2 = 0. Suppose -k = -0*k - 1. Let u be (-8)/(1 - 2*k). What is the greatest common divisor of u and t?
4
Let x = -447 - -1230. What is the greatest common factor of x and 27?
27
Let h = -1742 + 1917. Calculate the highest common factor of 25 and h.
25
Suppose 72*u - 79*u = -189. What is the highest common factor of u and 4?
1
Suppose 30*m = 58 + 2. Calculate the greatest common factor of 10 and m.
2
Suppose 0 = -h + 10 + 12. Suppose -4*l + 6 = -3*z, 2*l + 4*z = h - 8. Suppose 0 = -l*u + 2*u + 4. What is the greatest common divisor of u and 16?
4
Suppose 2*f - 10 = -0. Let j(d) = 22 - 3 + 63*d - 61*d. Let v be j(-7). Calculate the highest common divisor of f and v.
5
Suppose i - 3*i = -3*k + 28, -3*i = 6. Let w(j) = -j**2 + 8*j + 7. Let y be w(k). Let u = 0 + 1. Calculate the highest common divisor of y and u.
1
Suppose d + 38 + 30 = 0. Suppose 5*y - 7*y = 266. Let n = d - y. Calculate the greatest common factor of 13 and n.
13
Suppose -3*j + 987 = -0*j. Let m(s) = -s**3 - 17*s**2 - 82*s - 37. Let c be m(-7). Calculate the greatest common divisor of c and j.
47
Let d(m) = -2*m**3 + 52*m**2 - m + 41. Let i be d(26). Calculate the highest common divisor of i and 65.
5
Suppose 5 = -2*q + 7*q. Suppose 0*u + 28 = 4*u. Let z = u - q. Calculate the greatest common factor of 6 and z.
6
Let f = 8 - 5. Suppose 3*b + 12 = f*w - 6, 0 = -3*w + b + 12. Suppose -o = w*i - 20, 6*o = o + 3*i + 28. Calculate the highest common factor of o and 8.
8
Suppose 5*c = c + 24. Let i(t) = t**3 - 4*t**2 + 6*t - 33. Let o be i(c). Calculate the greatest common divisor of 15 and o.
15
Suppose m + 4*m + 145 = 0. Let a = -23 - m. Suppose c = 2*x + a + 281, 5*x - 916 = -3*c. What is the greatest common factor of c and 27?
27
Suppose 4 = 2*u - 3*u - 3*w, 0 = 2*u - 2*w - 16. Suppose u*x = b + 8, -5 + 1 = -5*x + 3*b. Let i = 5 - 1. Calculate the highest common factor of i and x.
2
Let s be 46*4/(-14)*(-70)/5. What is the highest common divisor of s and 24?
8
Suppose -20 = -2*w - 0. Suppose 5*a - 3*f - 4 = -f, -3*a = -2*f. Suppose -6 = -l - a*k, -2*l - 2*k = -k - 6. Calculate the greatest common divisor of w and l.
2
Let c(g) = g**2 - 13*g + 18. Let p be c(12). Suppose 0 = -6*v + 3*v - p. Let t be (-1 - (1 - v))*-20. What is the highest common factor of t and 32?
16
Suppose 5*b + c - 2 = b, -b = -c + 2. Let g(j) = j + 21. Let n be g(b). Calculate the highest common factor of n and 105.
21
Suppose -3*h = -1682 + 245. Suppose 5*z = -5*n + 745, -h = -4*z + n + 142. Calculate the highest common divisor of 14 and z.
14
Suppose -3*b + 48 = -0*b. Suppose 21*h - 60 = b*h. What is the highest common factor of 60 and h?
12
Let c(s) = s**3 + 32*s**2 + s + 31. Let n be c(-32). Let t be n/(((-4)/(-54))/(-2))*1. What is the greatest common factor of t and 6?
3
Suppose 13 = n - 0*n. Suppose 5*l - 1872 = -43*l. What is the highest common factor of n and l?
13
Let w(u) = -u**3 - 4*u**2 + 13*u - 11. Let n be w(-10). Suppose a + 5*l - 157 = 0, 4*l = -3*a + l + n. Calculate the greatest common factor of a and 19.
19
Let w(x) = x - 1. Let n be w(2). Let f = -68 + 76. Suppose -13 = -5*o - 2*b - 4, 0 = -4*b + f. What is the highest common factor of n and o?
1
Suppose 0*c + 5*z + 19 = -2*c, 5*z + 31 = 2*c. Suppose 5*q = 2*n + 41, 0*n - n = c*q - 18. Calculate the greatest common factor of 28 and q.
7
Let c(v) = 2*v**2 - 15*v - 4. Let s be 3 + -2 + (-4 - -15). Let m be c(s). What is the greatest common divisor of m and 13?
13
Let u(f) = -38*f + 1. Let b(p) = p + 1. Let r(m) = -2*b(m) - u(m). Let q be r(3). Let t = -45 + q. Calculate the highest common divisor of 90 and t.
30
Let q = -6 - -40. Calculate the highest common factor of 170 and q.
34
Let t be -1 + (-25)/(-1) - -6. Calculate the greatest common factor of t and 15.
15
Let p(f) = -2*f. Let a be p(-1). Suppose v - 2 = a. Let n be 6/(-21) - 792/(-28). Calculate the greatest common factor of v and n.
4
Suppose 0 = 5*q - 275 - 580. Let f(x) = -x**3 + q - 178 + 0*x**3 + x + x**2. Let w be f(-3). Calculate the greatest common divisor of w and 65.
13
Suppose 0 = -4*w + 12, 8*a - 12*a + 262 = 2*w. What is the highest common factor of 80 and a?
16
Let z = 28 + -28. Let j be (36 - 9) + -3 + z. Calculate the highest common divisor of 16 and j.
8
Let d = 166 - -4. Let s = d - 20. Calculate the highest common factor of 30 and s.
30
Let o(k) = -k - 3. Let u be o(-5). Suppose 5*n - u*r = 31 + 15, 0 = -3*r - 9. What is the greatest common divisor of 40 and n?
8
Let d(c) = -25*c**3 - 4*c**2 - 9*c - 32. Let q be d(-5). Calculate the highest common divisor of 98 and q.
98
Let p be ((-3)/5)/(2/(-110)). Suppose 3*h - 5*h = 0. Suppose h = 2*x - x - 3. Calculate the highest common factor of x and p.
3
Suppose l = -5*u + 306, l - 10*u - 270 = -6*u. What is the greatest common factor of 1287 and l?
143
Suppose 5 = -3*l - 4, l - 265 = -2*v. Let t be 21/35 + v/10. Suppose t = -4*q + 86. Calculate the highest common factor of 90 and q.
18
Let k(i) = 10 + 4*i**2 + 0*i**2 - 2*i**2 + 3*i. Let x be k(-6). Calculate the greatest common divisor of x and 8.
8
Let z(d) = 2*d - 6. Let k be z(8). Suppose -40*x = -41*x + k. Calculate the highest common divisor of x and 90.
10
Suppose -2*a - 2*w = -38, -w = 3 - 6. Let x(q) = 2*q**3 + 31*q**2 + 29*q - 6. Let v be x(-14). Calculate the highest common factor of v and a.
16
Let v = -107 - -112. Suppose 2*x - 5*l + 25 = 11, -19 = -v*x - l. Calculate the highest common factor of 6 and x.
3
Suppose -u - 2*u + 114 = 0. Let w be ((-15)/5 - -6) + (88 - -4). Calculate the highest common factor of w and u.
19
Suppose -4*g + 548 + 80 = 0. Let d = 14 + g. Suppose -6*v + 11*v + 57 = 3*w, 3*v = -4*w + 76. Calculate the greatest common divisor of d and w.
19
Let g = -11 + 26. Suppose 0 = -v + 3*v - 32. Let z = v - 13. Calculate the highest common divisor of g and z.
3
Let w be 4/(-4) - 159/(-6)*2. What is the greatest common divisor of 130 and w?
26
Suppose 5*h + 6*h = 242. Calculate the highest common factor of h and 77.
11
Suppose -67*c = 27*c - 34686. Calculate the greatest common divisor of c and 164.
41
Suppose 0 = 2*q - 4 - 44. Suppose 0 = 4*v - 2 - 46. What is the greatest common divisor of q and v?
12
Let h = -25 + 28. Suppose -64 + 12 = -4*y - 2*u, y = h*u + 20. Calculate the highest common divisor of 2 and y.
2
Let i(o) = o + 9. Let k be i(-6). Suppose 10*y = -68 + 278. Calculate the greatest common facto